{"id":120,"date":"2024-02-29T04:24:51","date_gmt":"2024-02-29T03:24:51","guid":{"rendered":"https:\/\/valvulascuevas.com.mx\/?page_id=120"},"modified":"2024-10-06T09:16:59","modified_gmt":"2024-10-06T07:16:59","slug":"acero","status":"publish","type":"page","link":"https:\/\/valvulascuevas.com.mx\/index.php\/acero\/","title":{"rendered":"V\u00e1lvulas de Acero"},"content":{"rendered":"<p>[et_pb_section fb_built=\u00bb1&#8243; _builder_version=\u00bb4.24.3&#8243; _module_preset=\u00bbdefault\u00bb background_color=\u00bb#b7b7b7&#8243; background_image=\u00bbhttps:\/\/valvulascuevas.com.mx\/wp-content\/uploads\/2024\/02\/acerocab.jpeg\u00bb background_blend=\u00bboverlay\u00bb bottom_divider_color=\u00bb#FAFAFA\u00bb da_disable_devices=\u00bboff|off|off\u00bb global_colors_info=\u00bb{}\u00bb da_is_popup=\u00bboff\u00bb da_exit_intent=\u00bboff\u00bb da_has_close=\u00bbon\u00bb da_alt_close=\u00bboff\u00bb da_dark_close=\u00bboff\u00bb da_not_modal=\u00bbon\u00bb da_is_singular=\u00bboff\u00bb da_with_loader=\u00bboff\u00bb da_has_shadow=\u00bbon\u00bb][et_pb_row _builder_version=\u00bb4.24.2&#8243; _module_preset=\u00bbdefault\u00bb global_colors_info=\u00bb{}\u00bb][et_pb_column type=\u00bb4_4&#8243; _builder_version=\u00bb4.24.2&#8243; _module_preset=\u00bbdefault\u00bb global_colors_info=\u00bb{}\u00bb][et_pb_text _builder_version=\u00bb4.24.3&#8243; _module_preset=\u00bbdefault\u00bb text_font=\u00bbPoppins||||||||\u00bb text_text_color=\u00bb#333333&#8243; text_font_size=\u00bb20px\u00bb header_font=\u00bbPoppins|800|||||||\u00bb header_text_color=\u00bb#3d3d3d\u00bb header_font_size=\u00bb40px\u00bb header_text_shadow_style=\u00bbpreset1&#8243; global_colors_info=\u00bb{}\u00bb]<\/p>\n<h1>V\u00c1LVULAS DE ACERO<\/h1>\n<p>La calidad de una v\u00e1lvula de acero es un factor crucial para garantizar la seguridad, eficiencia y durabilidad de cualquier sistema.<\/p>\n<p>[\/et_pb_text][\/et_pb_column][\/et_pb_row][\/et_pb_section][et_pb_section fb_built=\u00bb1&#8243; _builder_version=\u00bb4.24.3&#8243; _module_preset=\u00bbdefault\u00bb background_color=\u00bbrgba(250,250,250,0.31)\u00bb background_image=\u00bbhttps:\/\/valvulascuevas.com.mx\/wp-content\/uploads\/2024\/02\/back1-scaled.jpg\u00bb background_blend=\u00bbcolor-burn\u00bb top_divider_style=\u00bbmountains2&#8243; top_divider_color=\u00bbrgba(0,0,0,0.21)\u00bb da_disable_devices=\u00bboff|off|off\u00bb global_colors_info=\u00bb{}\u00bb da_is_popup=\u00bboff\u00bb da_exit_intent=\u00bboff\u00bb da_has_close=\u00bbon\u00bb da_alt_close=\u00bboff\u00bb da_dark_close=\u00bboff\u00bb da_not_modal=\u00bbon\u00bb da_is_singular=\u00bboff\u00bb da_with_loader=\u00bboff\u00bb da_has_shadow=\u00bbon\u00bb][et_pb_row _builder_version=\u00bb4.24.3&#8243; _module_preset=\u00bbdefault\u00bb global_colors_info=\u00bb{}\u00bb][et_pb_column type=\u00bb4_4&#8243; _builder_version=\u00bb4.24.3&#8243; _module_preset=\u00bbdefault\u00bb global_colors_info=\u00bb{}\u00bb][et_pb_text _builder_version=\u00bb4.24.3&#8243; _module_preset=\u00bbdefault\u00bb text_font=\u00bbPoppins||||||||\u00bb text_text_color=\u00bb#0D2A7A\u00bb global_colors_info=\u00bb{}\u00bb]<\/p>\n<p class=\"p1\">Fabricamos v\u00e1lvulas de acero de alta calidad con materiales adecuados, siguiendo procesos rigurosos y cumpliendo con los est\u00e1ndares de la industria. Adem\u00e1s, debe ser dise\u00f1ada para resistir las condiciones de servicio y contar con las certificaciones necesarias.<\/p>\n<p>[\/et_pb_text][et_pb_heading title=\u00bbNUESTROS MODELOS EN ACERO\u00bb _builder_version=\u00bb4.24.3&#8243; _module_preset=\u00bbdefault\u00bb title_font=\u00bbPoppins|700|||||||\u00bb title_text_color=\u00bb#0D2A7A\u00bb global_colors_info=\u00bb{}\u00bb][\/et_pb_heading][dsm_card_carousel slide_to_scroll=\u00bb3&#8243; multiple_slide_row=\u00bbon\u00bb arrow_color=\u00bb#FC2022&#8243; _builder_version=\u00bb4.24.3&#8243; _module_preset=\u00bbdefault\u00bb header_font=\u00bbPoppins|600|||||||\u00bb header_text_color=\u00bb#D8002E\u00bb body_font=\u00bbPoppins||||||||\u00bb body_text_color=\u00bb#212E41&#8243; subhead_text_color=\u00bb#0D2A7A\u00bb custom_button=\u00bbon\u00bb button_text_color=\u00bb#0d7cc1&#8243; hover_enabled=\u00bb0&#8243; border_radii_image=\u00bbon|10px|10px|10px|10px\u00bb box_shadow_style_image=\u00bbpreset3&#8243; box_shadow_spread_image=\u00bb-13px\u00bb box_shadow_color_image=\u00bb#0D2A7A\u00bb global_colors_info=\u00bb{}\u00bb locked=\u00bboff\u00bb sticky_enabled=\u00bb0&#8243; centered_slides=\u00bbon\u00bb autoplay=\u00bboff\u00bb][dsm_card_carousel_child title=\u00bbMODELO 3000&#8243; subtitle=\u00bbV\u00e1lvula\u00bb image=\u00bbhttps:\/\/valvulascuevas.com.mx\/wp-content\/uploads\/2024\/10\/3000peq.png\u00bb image_background_size=\u00bbcontain\u00bb image_background_animation=\u00bbzoom_out\u00bb badge_text=\u00bbM-3000&#8243; button_text=\u00bbInformaci\u00f3n\u00bb button_url_new_window=\u00bb1&#8243; _builder_version=\u00bb4.24.3&#8243; _module_preset=\u00bbdefault\u00bb badge_font=\u00bb||||||||\u00bb hover_enabled=\u00bb0&#8243; global_colors_info=\u00bb{}\u00bb parent_button=\u00bbon\u00bb parent_header_level=\u00bbh4&#8243; title_text=\u00bb3000peq\u00bb sticky_enabled=\u00bb0&#8243;]<\/p>\n<p>Informaci\u00f3n<\/p>\n<p>[\/dsm_card_carousel_child][\/dsm_card_carousel][\/et_pb_column][\/et_pb_row][\/et_pb_section]<\/p>\n","protected":false},"excerpt":{"rendered":"<p>V\u00c1LVULAS DE ACERO La calidad de una v\u00e1lvula de acero es un factor crucial para garantizar la seguridad, eficiencia y durabilidad de cualquier sistema.Fabricamos v\u00e1lvulas de acero de alta calidad con materiales adecuados, siguiendo procesos rigurosos y cumpliendo con los est\u00e1ndares de la industria. Adem\u00e1s, debe ser dise\u00f1ada para resistir las condiciones de servicio y [&hellip;]<\/p>\n","protected":false},"author":1,"featured_media":0,"parent":0,"menu_order":0,"comment_status":"closed","ping_status":"closed","template":"","meta":{"_et_pb_use_builder":"on","_et_pb_old_content":"","_et_gb_content_width":"","footnotes":""},"class_list":["post-120","page","type-page","status-publish","hentry"],"_links":{"self":[{"href":"https:\/\/valvulascuevas.com.mx\/index.php\/wp-json\/wp\/v2\/pages\/120","targetHints":{"allow":["GET"]}}],"collection":[{"href":"https:\/\/valvulascuevas.com.mx\/index.php\/wp-json\/wp\/v2\/pages"}],"about":[{"href":"https:\/\/valvulascuevas.com.mx\/index.php\/wp-json\/wp\/v2\/types\/page"}],"author":[{"embeddable":true,"href":"https:\/\/valvulascuevas.com.mx\/index.php\/wp-json\/wp\/v2\/users\/1"}],"replies":[{"embeddable":true,"href":"https:\/\/valvulascuevas.com.mx\/index.php\/wp-json\/wp\/v2\/comments?post=120"}],"version-history":[{"count":13,"href":"https:\/\/valvulascuevas.com.mx\/index.php\/wp-json\/wp\/v2\/pages\/120\/revisions"}],"predecessor-version":[{"id":237056,"href":"https:\/\/valvulascuevas.com.mx\/index.php\/wp-json\/wp\/v2\/pages\/120\/revisions\/237056"}],"wp:attachment":[{"href":"https:\/\/valvulascuevas.com.mx\/index.php\/wp-json\/wp\/v2\/media?parent=120"}],"curies":[{"name":"wp","href":"https:\/\/api.w.org\/{rel}","templated":true}]}}